{"id":1857,"date":"2023-12-22T18:07:06","date_gmt":"2023-12-22T17:07:06","guid":{"rendered":"https:\/\/www.michelbonnargent.fr\/accueil\/?post_type=product&#038;p=1857"},"modified":"2023-12-22T18:15:31","modified_gmt":"2023-12-22T17:15:31","slug":"mes-autrefois","status":"publish","type":"product","link":"https:\/\/www.michelbonnargent.fr\/accueil\/produit\/mes-autrefois\/","title":{"rendered":"Mes autrefois"},"content":{"rendered":"<p>Vous pouvez acqu\u00e9rir cette chanson qui sera t\u00e9l\u00e9chargeable apr\u00e8s votre paiement.<\/p>\n<p>Merci et bonne \u00e9coute!<\/p>\n","protected":false},"excerpt":{"rendered":"<p>Mes autrefois- mp3 320K qualit\u00e9 CD<\/p>\n","protected":false},"featured_media":1856,"comment_status":"open","ping_status":"closed","template":"","meta":[],"product_cat":[40],"product_tag":[45],"a3_pvc":{"activated":false,"total_views":0,"today_views":0},"_links":{"self":[{"href":"https:\/\/www.michelbonnargent.fr\/accueil\/wp-json\/wp\/v2\/product\/1857"}],"collection":[{"href":"https:\/\/www.michelbonnargent.fr\/accueil\/wp-json\/wp\/v2\/product"}],"about":[{"href":"https:\/\/www.michelbonnargent.fr\/accueil\/wp-json\/wp\/v2\/types\/product"}],"replies":[{"embeddable":true,"href":"https:\/\/www.michelbonnargent.fr\/accueil\/wp-json\/wp\/v2\/comments?post=1857"}],"wp:featuredmedia":[{"embeddable":true,"href":"https:\/\/www.michelbonnargent.fr\/accueil\/wp-json\/wp\/v2\/media\/1856"}],"wp:attachment":[{"href":"https:\/\/www.michelbonnargent.fr\/accueil\/wp-json\/wp\/v2\/media?parent=1857"}],"wp:term":[{"taxonomy":"product_cat","embeddable":true,"href":"https:\/\/www.michelbonnargent.fr\/accueil\/wp-json\/wp\/v2\/product_cat?post=1857"},{"taxonomy":"product_tag","embeddable":true,"href":"https:\/\/www.michelbonnargent.fr\/accueil\/wp-json\/wp\/v2\/product_tag?post=1857"}],"curies":[{"name":"wp","href":"https:\/\/api.w.org\/{rel}","templated":true}]}}