{"id":957,"date":"2014-08-29T22:49:32","date_gmt":"2014-08-29T21:49:32","guid":{"rendered":"http:\/\/michelbonnargent.fr\/?page_id=957"},"modified":"2023-08-17T18:49:18","modified_gmt":"2023-08-17T17:49:18","slug":"mais-en-vie","status":"publish","type":"page","link":"https:\/\/www.michelbonnargent.fr\/accueil\/mes-cd\/mais-en-vie\/","title":{"rendered":"&#8230; mais en vie"},"content":{"rendered":"<h1><\/h1>\n<p><a href=\"http:\/\/michelbonnargent.fr\/wp-content\/uploads\/2014\/08\/vol10_livret_p4-p1.jpg\"><img decoding=\"async\" loading=\"lazy\" class=\"alignnone size-medium wp-image-960\" src=\"http:\/\/michelbonnargent.fr\/wp-content\/uploads\/2014\/08\/vol10_livret_p4-p1-300x148.jpg\" alt=\"vol10_livret_p4-p1\" width=\"300\" height=\"148\" srcset=\"https:\/\/www.michelbonnargent.fr\/wp-content\/uploads\/2014\/08\/vol10_livret_p4-p1-300x148.jpg 300w, https:\/\/www.michelbonnargent.fr\/wp-content\/uploads\/2014\/08\/vol10_livret_p4-p1-scaled-400x198.jpg 400w, https:\/\/www.michelbonnargent.fr\/wp-content\/uploads\/2014\/08\/vol10_livret_p4-p1-1024x507.jpg 1024w, https:\/\/www.michelbonnargent.fr\/wp-content\/uploads\/2014\/08\/vol10_livret_p4-p1-148x73.jpg 148w, https:\/\/www.michelbonnargent.fr\/wp-content\/uploads\/2014\/08\/vol10_livret_p4-p1-31x15.jpg 31w, https:\/\/www.michelbonnargent.fr\/wp-content\/uploads\/2014\/08\/vol10_livret_p4-p1-38x18.jpg 38w, https:\/\/www.michelbonnargent.fr\/wp-content\/uploads\/2014\/08\/vol10_livret_p4-p1-425x210.jpg 425w\" sizes=\"(max-width: 300px) 100vw, 300px\" \/><\/a><\/p>\n<h2>&#8230; mais en vie<\/h2>\n<p>Ce CD contient treize morceaux \u00e9crits et compos\u00e9s de novembre 2013 \u00e0 ao\u00fbt 2014.<\/p>\n<form action=\"https:\/\/www.paypal.com\/cgi-bin\/webscr\" method=\"post\" target=\"_top\"><\/form>\n<p><b>Extraits<\/b><\/p>\n<!--[if lt IE 9]><script>document.createElement('audio');<\/script><![endif]-->\n<audio class=\"wp-audio-shortcode\" id=\"audio-957-1\" autoplay=\"1\" preload=\"none\" style=\"width: 100%;\" controls=\"controls\"><source type=\"audio\/mpeg\" src=\"http:\/\/michelbonnargent.fr\/wp-content\/uploads\/2014\/07\/extraits_vol101.mp3?_=1\" \/><a href=\"http:\/\/michelbonnargent.fr\/wp-content\/uploads\/2014\/07\/extraits_vol101.mp3\">http:\/\/michelbonnargent.fr\/wp-content\/uploads\/2014\/07\/extraits_vol101.mp3<\/a><\/audio>\n<p><b>Les titres<\/b><\/p>\n<p><a title=\"\u00e0 mon petit bout d\u2019Elsa\" href=\"http:\/\/michelbonnargent.fr\/?p=920\">Elsa<\/a> (Michel Bonnargent)<br \/>\n<a title=\"du peu de temps qu\u2019il reste\" href=\"http:\/\/michelbonnargent.fr\/?p=947\">Du peu de temps qu&rsquo;il reste<\/a> (Michel Bonnargent)<br \/>\nL&rsquo;ind\u00e9cision (Yves Plamont\/Michel Bonnargent)<br \/>\n<a title=\"la virgule\" href=\"http:\/\/michelbonnargent.fr\/?p=803\">La virgule<\/a> (Yves Plamont\/Michel Bonnargent)<br \/>\n<a href=\"http:\/\/youtu.be\/dN4dJAr5kRM\">J&rsquo;\u00e9crirai en mots bleus<\/a> (Michel Bonnargent)<br \/>\n<a title=\"\u2026 mais en vie\" href=\"http:\/\/michelbonnargent.fr\/?page_id=957\">Mais en vie<\/a> (Michel Bonnargent)<br \/>\n<a title=\"paroles en compos\u00e9\" href=\"http:\/\/michelbonnargent.fr\/?page_id=62\">Rien ne sera plus comme avant<\/a> (Michel Bonnargent\/S\u00e9bastien Cartier)<br \/>\n<a title=\"Nostalgie\" href=\"http:\/\/michelbonnargent.fr\/?p=839\">Nostalgie<\/a> i(Michel Bonnargent)<br \/>\n<a title=\"Dis pourquoi la vie\" href=\"http:\/\/michelbonnargent.fr\/?p=725\">Dis pourquoi la vie<\/a> (Michel Bonnargent)<br \/>\n<a title=\"femme au pass\u00e9\" href=\"http:\/\/michelbonnargent.fr\/?p=808\">Femme au pass\u00e9<\/a> (Eve de Laudec\/Michel Bonnargent)<br \/>\n<a title=\"les petites pi\u00e8ces rapport\u00e9es\" href=\"http:\/\/michelbonnargent.fr\/?p=836\">Les petites pi\u00e8ces rapport\u00e9es<\/a> (Michel Bonnargent)<br \/>\nJ&rsquo;\u00e9crirai en mots bleus (instrumental) (Michel Bonnargent)<br \/>\n<a title=\"Femme au pass\u00e9 (instrumental)\" href=\"http:\/\/michelbonnargent.fr\/?p=955\">Femme au pass\u00e9 (instrumental)<\/a> (Michel Bonnargent)<\/p>\n<p><em><span style=\"font-size: 12px;\">enregistrement en studio personnel \u00e0 Saint-Loub\u00e8s<\/span><\/em><\/p>\n<div class=\"pvc_clear\"><\/div>\n<p id=\"pvc_stats_957\" class=\"pvc_stats all  \" data-element-id=\"957\" style=\"\"><i class=\"pvc-stats-icon medium\" aria-hidden=\"true\"><svg aria-hidden=\"true\" focusable=\"false\" data-prefix=\"far\" data-icon=\"chart-bar\" role=\"img\" xmlns=\"http:\/\/www.w3.org\/2000\/svg\" viewBox=\"0 0 512 512\" class=\"svg-inline--fa fa-chart-bar fa-w-16 fa-2x\"><path fill=\"currentColor\" d=\"M396.8 352h22.4c6.4 0 12.8-6.4 12.8-12.8V108.8c0-6.4-6.4-12.8-12.8-12.8h-22.4c-6.4 0-12.8 6.4-12.8 12.8v230.4c0 6.4 6.4 12.8 12.8 12.8zm-192 0h22.4c6.4 0 12.8-6.4 12.8-12.8V140.8c0-6.4-6.4-12.8-12.8-12.8h-22.4c-6.4 0-12.8 6.4-12.8 12.8v198.4c0 6.4 6.4 12.8 12.8 12.8zm96 0h22.4c6.4 0 12.8-6.4 12.8-12.8V204.8c0-6.4-6.4-12.8-12.8-12.8h-22.4c-6.4 0-12.8 6.4-12.8 12.8v134.4c0 6.4 6.4 12.8 12.8 12.8zM496 400H48V80c0-8.84-7.16-16-16-16H16C7.16 64 0 71.16 0 80v336c0 17.67 14.33 32 32 32h464c8.84 0 16-7.16 16-16v-16c0-8.84-7.16-16-16-16zm-387.2-48h22.4c6.4 0 12.8-6.4 12.8-12.8v-70.4c0-6.4-6.4-12.8-12.8-12.8h-22.4c-6.4 0-12.8 6.4-12.8 12.8v70.4c0 6.4 6.4 12.8 12.8 12.8z\" class=\"\"><\/path><\/svg><\/i> <img decoding=\"async\" loading=\"lazy\" width=\"16\" height=\"16\" alt=\"Loading\" src=\"https:\/\/www.michelbonnargent.fr\/wp-content\/plugins\/page-views-count\/ajax-loader-2x.gif\" border=0 \/><\/p>\n<div class=\"pvc_clear\"><\/div>\n","protected":false},"excerpt":{"rendered":"<p>&#8230; mais en vie Ce CD contient treize morceaux \u00e9crits et compos\u00e9s de novembre 2013 \u00e0 ao\u00fbt 2014. Extraits Les titres Elsa (Michel Bonnargent) Du peu de temps qu&rsquo;il reste (Michel Bonnargent) L&rsquo;ind\u00e9cision (Yves Plamont\/Michel Bonnargent) La virgule (Yves Plamont\/Michel Bonnargent) J&rsquo;\u00e9crirai en mots bleus (Michel Bonnargent) Mais en vie (Michel Bonnargent) Rien ne sera [&hellip;]<\/p>\n<div class=\"pvc_clear\"><\/div>\n<p id=\"pvc_stats_957\" class=\"pvc_stats all  \" data-element-id=\"957\" style=\"\"><i class=\"pvc-stats-icon medium\" aria-hidden=\"true\"><svg aria-hidden=\"true\" focusable=\"false\" data-prefix=\"far\" data-icon=\"chart-bar\" role=\"img\" xmlns=\"http:\/\/www.w3.org\/2000\/svg\" viewBox=\"0 0 512 512\" class=\"svg-inline--fa fa-chart-bar fa-w-16 fa-2x\"><path fill=\"currentColor\" d=\"M396.8 352h22.4c6.4 0 12.8-6.4 12.8-12.8V108.8c0-6.4-6.4-12.8-12.8-12.8h-22.4c-6.4 0-12.8 6.4-12.8 12.8v230.4c0 6.4 6.4 12.8 12.8 12.8zm-192 0h22.4c6.4 0 12.8-6.4 12.8-12.8V140.8c0-6.4-6.4-12.8-12.8-12.8h-22.4c-6.4 0-12.8 6.4-12.8 12.8v198.4c0 6.4 6.4 12.8 12.8 12.8zm96 0h22.4c6.4 0 12.8-6.4 12.8-12.8V204.8c0-6.4-6.4-12.8-12.8-12.8h-22.4c-6.4 0-12.8 6.4-12.8 12.8v134.4c0 6.4 6.4 12.8 12.8 12.8zM496 400H48V80c0-8.84-7.16-16-16-16H16C7.16 64 0 71.16 0 80v336c0 17.67 14.33 32 32 32h464c8.84 0 16-7.16 16-16v-16c0-8.84-7.16-16-16-16zm-387.2-48h22.4c6.4 0 12.8-6.4 12.8-12.8v-70.4c0-6.4-6.4-12.8-12.8-12.8h-22.4c-6.4 0-12.8 6.4-12.8 12.8v70.4c0 6.4 6.4 12.8 12.8 12.8z\" class=\"\"><\/path><\/svg><\/i> <img decoding=\"async\" loading=\"lazy\" width=\"16\" height=\"16\" alt=\"Loading\" src=\"https:\/\/www.michelbonnargent.fr\/wp-content\/plugins\/page-views-count\/ajax-loader-2x.gif\" border=0 \/><\/p>\n<div class=\"pvc_clear\"><\/div>\n","protected":false},"author":1,"featured_media":0,"parent":30,"menu_order":0,"comment_status":"open","ping_status":"open","template":"","meta":{"footnotes":""},"a3_pvc":{"activated":true,"total_views":505,"today_views":0},"_links":{"self":[{"href":"https:\/\/www.michelbonnargent.fr\/accueil\/wp-json\/wp\/v2\/pages\/957"}],"collection":[{"href":"https:\/\/www.michelbonnargent.fr\/accueil\/wp-json\/wp\/v2\/pages"}],"about":[{"href":"https:\/\/www.michelbonnargent.fr\/accueil\/wp-json\/wp\/v2\/types\/page"}],"author":[{"embeddable":true,"href":"https:\/\/www.michelbonnargent.fr\/accueil\/wp-json\/wp\/v2\/users\/1"}],"replies":[{"embeddable":true,"href":"https:\/\/www.michelbonnargent.fr\/accueil\/wp-json\/wp\/v2\/comments?post=957"}],"version-history":[{"count":6,"href":"https:\/\/www.michelbonnargent.fr\/accueil\/wp-json\/wp\/v2\/pages\/957\/revisions"}],"predecessor-version":[{"id":1845,"href":"https:\/\/www.michelbonnargent.fr\/accueil\/wp-json\/wp\/v2\/pages\/957\/revisions\/1845"}],"up":[{"embeddable":true,"href":"https:\/\/www.michelbonnargent.fr\/accueil\/wp-json\/wp\/v2\/pages\/30"}],"wp:attachment":[{"href":"https:\/\/www.michelbonnargent.fr\/accueil\/wp-json\/wp\/v2\/media?parent=957"}],"curies":[{"name":"wp","href":"https:\/\/api.w.org\/{rel}","templated":true}]}}