{"id":47,"date":"2014-07-05T16:12:38","date_gmt":"2014-07-05T15:12:38","guid":{"rendered":"http:\/\/michelbonnargent.fr\/?page_id=47"},"modified":"2017-01-22T19:16:45","modified_gmt":"2017-01-22T18:16:45","slug":"concerts","status":"publish","type":"page","link":"https:\/\/www.michelbonnargent.fr\/accueil\/concerts\/","title":{"rendered":"concerts"},"content":{"rendered":"<div class=\"sidepicture\">\n<p><span class=\"_4n-j fsl\"><b>Samedi 17 d\u00e9cembre 2016 \u00e0 la Cave \u0152nophile\u00a0 de Saint-Sulpice et Cameyrac (33).<\/b><br \/>\n<a href=\"https:\/\/www.facebook.com\/events\/244876549264078\/\" target=\"_blank\">Le lien de l&rsquo;\u00e9v\u00e8nement<\/a><\/span><\/p>\n<p><b>Vendredi 18 novembre 2016 : au Paul&rsquo;s Place 76 rue Notre Dame &#8211; Bordeaux <\/b><span class=\"_4n-j fsl\">Nous avons pass\u00e9 une tr\u00e8s agr\u00e9able soir\u00e9e.<\/span><\/p>\n<p><span class=\"_4n-j fsl\"><a href=\"https:\/\/youtu.be\/2GlLp42r3iM\" target=\"_blank\">Les extraits de la premi\u00e8re partie<\/a><\/span><\/p>\n<p><span class=\"_4n-j fsl\"><a href=\"https:\/\/youtu.be\/LJbT0Rm0WP8\" target=\"_blank\">Les extraits de la deuxi\u00e8me partie<\/a><\/span><\/p>\n<p><span class=\"_4n-j fsl\">.<\/span><\/p>\n<p><a href=\"http:\/\/michelbonnargent.fr\/wp-content\/uploads\/2016\/10\/pp18112016.jpg\"><img decoding=\"async\" loading=\"lazy\" class=\"alignnone size-medium wp-image-1224\" src=\"http:\/\/michelbonnargent.fr\/wp-content\/uploads\/2016\/10\/pp18112016-212x300.jpg\" alt=\"pp18112016\" width=\"212\" height=\"300\" srcset=\"https:\/\/www.michelbonnargent.fr\/wp-content\/uploads\/2016\/10\/pp18112016-212x300.jpg 212w, https:\/\/www.michelbonnargent.fr\/wp-content\/uploads\/2016\/10\/pp18112016-105x148.jpg 105w, https:\/\/www.michelbonnargent.fr\/wp-content\/uploads\/2016\/10\/pp18112016-22x31.jpg 22w, https:\/\/www.michelbonnargent.fr\/wp-content\/uploads\/2016\/10\/pp18112016-27x38.jpg 27w, https:\/\/www.michelbonnargent.fr\/wp-content\/uploads\/2016\/10\/pp18112016-152x215.jpg 152w, https:\/\/www.michelbonnargent.fr\/wp-content\/uploads\/2016\/10\/pp18112016.jpg 279w\" sizes=\"(max-width: 212px) 100vw, 212px\" \/><\/a><\/p>\n<p><span style=\"color: #999999;\"><b>Samedi 6 f\u00e9vrier 2016 : au Paul&rsquo;s Place 76 rue Notre Dame &#8211; Bordeaux<\/b><\/span><\/p>\n<p>Quelques vid\u00e9os du concert (d\u00e9sol\u00e9 pour le son, on a oubli\u00e9 d&rsquo;enregistrer sur la table de mixage, c&rsquo;est le son extrait de la cam\u00e9ra du fond de la salle)<\/p>\n<p><a href=\"https:\/\/youtu.be\/DK9RMt0FPwg\">extraits de la 1\u00e8re partie<\/a><\/p>\n<p><a href=\"https:\/\/youtu.be\/QE7CSojM-Ac\">extraits de la 2\u00e8me parite<\/a><\/p>\n<p><a href=\"https:\/\/youtu.be\/t7vrB6ELTZo\">les passantes<\/a><\/p>\n<p><a href=\"https:\/\/youtu.be\/18AWHahbVh0\">femme au pass\u00e9<\/a><\/p>\n<p><a href=\"https:\/\/youtu.be\/Jx5Lxeh-RqA\">\u00e9l\u00e9gie<\/a><\/p>\n<p><a href=\"https:\/\/www.facebook.com\/michel.bonnargent\/media_set?set=a.10207025422251626.1073741827.1162044920&amp;type=3\">la galerie photos<\/a><\/p>\n<p><a href=\"http:\/\/michelbonnargent.fr\/wp-content\/uploads\/2014\/07\/concert_paulsplace_hedf.jpg\"><img decoding=\"async\" loading=\"lazy\" class=\"alignnone size-medium wp-image-1190\" src=\"http:\/\/michelbonnargent.fr\/wp-content\/uploads\/2014\/07\/concert_paulsplace_hedf-212x300.jpg\" alt=\"concert_paulsplace_hedf\" width=\"212\" height=\"300\" srcset=\"https:\/\/www.michelbonnargent.fr\/wp-content\/uploads\/2014\/07\/concert_paulsplace_hedf-212x300.jpg 212w, https:\/\/www.michelbonnargent.fr\/wp-content\/uploads\/2014\/07\/concert_paulsplace_hedf-400x566.jpg 400w, https:\/\/www.michelbonnargent.fr\/wp-content\/uploads\/2014\/07\/concert_paulsplace_hedf-105x148.jpg 105w, https:\/\/www.michelbonnargent.fr\/wp-content\/uploads\/2014\/07\/concert_paulsplace_hedf-22x31.jpg 22w, https:\/\/www.michelbonnargent.fr\/wp-content\/uploads\/2014\/07\/concert_paulsplace_hedf-27x38.jpg 27w, https:\/\/www.michelbonnargent.fr\/wp-content\/uploads\/2014\/07\/concert_paulsplace_hedf-152x215.jpg 152w, https:\/\/www.michelbonnargent.fr\/wp-content\/uploads\/2014\/07\/concert_paulsplace_hedf.jpg 595w\" sizes=\"(max-width: 212px) 100vw, 212px\" \/><\/a><\/p>\n<p><span style=\"color: #999999;\"><b>Samedi 6 f\u00e9vrier 2015 : Rythm and Co 2015 \u00e0 Ambazac<\/b><\/span><\/p>\n<p>extraits \u00e0 voir sur <a href=\"http:\/\/www.ltvlimousin.fr\/musicpassion\/Emissions\/rythm-and-co--bonnargent\">http:\/\/www.ltvlimousin.fr\/musicpassion\/Emissions\/rythm-and-co&#8211;bonnargent<\/a><\/p>\n<p><span style=\"color: #999999;\"><b>Samedi 8 f\u00e9vrier 2014 : \u00ab\u00a0Rythm and Co 20114\u00a0\u00bb \u00e0 Ambazac<\/b><\/span><\/p>\n<\/div>\n<p><span style=\"color: #999999;\">A voir sur <a href=\"http:\/\/www.radioopenfm.fr\/\" target=\"_blank\"><span style=\"color: #999999;\">http:\/\/www.radioopenfm.fr\/<\/span><\/a><\/span><\/p>\n<p><span style=\"color: #999999;\"><img decoding=\"async\" style=\"width: 510px;\" src=\"http:\/\/michelbonnargent.fr\/assets\/w2dtextedit\/img.php?name=880705a05413fbc16_3d61a4288841fd59120d010fecd6c57c.jpg&amp;size=510\" alt=\"\" \/><\/span><\/p>\n<p><span style=\"color: #999999;\"><b>___________________________________________________<\/b><\/span><\/p>\n<p><span style=\"color: #999999;\"><b>Jeudi 30 mai 2013 \u00e0 17h<\/b><\/span><\/p>\n<p><span style=\"color: #999999;\">RENCONTRE LECTURE MUSICALE DEDICACE<\/span><br \/>\n<span style=\"color: #999999;\"> \u00ab\u00a0la po\u00e9sie se joue des mots\u00a0\u00bb<\/span><\/p>\n<p><span style=\"color: #999999;\">manifestation culturelle TOURS SUR LOIRE,37000<\/span><\/p>\n<p><span style=\"color: #999999;\">avec Eve de Laudec, auteur, et Michel Bonnargent, auteur, compositeur, interpr\u00e8te<\/span><\/p>\n<p><span style=\"color: #999999;\">___________________________________________________<\/span><\/p>\n<p><span style=\"color: #999999;\"><b>Samedi 30 mars 2013, \u00e0 17h30<\/b><\/span><\/p>\n<p><span style=\"color: #999999;\">RENCONTRE\u00a0 LECTURE DEDICACE<\/span><br \/>\n<span style=\"color: #999999;\"> Librairie des Halles<\/span><br \/>\n<span style=\"color: #999999;\"> 1bis, rue Thiers, 79000 NIORT<\/span><\/p>\n<p><span style=\"color: #999999;\">avec<\/span><br \/>\n<span style=\"color: #999999;\"> Eve de Laudec pour son recueil de po\u00e9sie Crilence<\/span><br \/>\n<span style=\"color: #999999;\"> et<\/span><br \/>\n<span style=\"color: #999999;\"> une deuxi\u00e8me \u00e9dition de \u00ab\u00a0la po\u00e9sie se joue des mots\u00a0\u00bb, alternance de po\u00e8mes dits par Eve de Laudec et de chansons compos\u00e9es et interpr\u00e9t\u00e9es par Michel Bonnargent<\/span><\/p>\n<p><span style=\"color: #999999;\">___________________________________________________<\/span><\/p>\n<p><span style=\"color: #999999;\"><b>Le 9 f\u00e9vrier 2013: \u00ab\u00a0Rythm and Co 2013\u00a0\u00bb \u00e0 Ambazac.<\/b><\/span><\/p>\n<p><span style=\"color: #999999;\">A voir sur <a href=\"http:\/\/www.radioopenfm.fr\/\" target=\"_blank\"><span style=\"color: #999999;\">http:\/\/www.radioopenfm.fr\/<\/span><\/a><\/span><\/p>\n<p><span style=\"color: #999999;\"><img decoding=\"async\" style=\"width: 180px;\" src=\"http:\/\/michelbonnargent.fr\/assets\/w2dtextedit\/img.php?name=880705a05413fbc16_e2e366a9c0ebae724051710416756717.jpg&amp;size=510\" alt=\"\" \/><\/span><\/p>\n<p><span style=\"color: #999999;\">__________________________________________________<\/span><\/p>\n<p><span style=\"color: #999999;\">Vendredi 18 janvier 2013 \u00e0 20h30 : s Sc\u00e8ne ouverte \u00ab\u00a0le pot aux roses\u00a0\u00bb espace Gentiana Tours Nord (37)<\/span><\/p>\n<p><span style=\"color: #999999;\"><img decoding=\"async\" style=\"width: 200px;\" src=\"http:\/\/michelbonnargent.fr\/assets\/w2dtextedit\/img.php?name=880705a05413fbc16_efaad86a2011f3d9e5cae86cc33ea076.jpg&amp;size=510\" alt=\"\" \/><\/span><\/p>\n<p><span style=\"color: #999999;\">__________________________________________________<\/span><\/p>\n<p><span style=\"color: #999999;\">Le 30 novembre 2012: \u00ab\u00a0La po\u00e9sie se joue des mots\u00a0\u00bb avec Eve de Laudec au bar St Germain (Tours)<\/span><\/p>\n<p><span style=\"color: #999999;\">Le 18 juin 2012:\u00a0 H\u00f4pital de Bretonneau \u00e0 Tours (37), \u00e0 l&rsquo;occasion de la f\u00eate de la musique<\/span><\/p>\n<table class=\"cells\" width=\"100%\">\n<tbody>\n<tr>\n<td class=\"cell\" align=\"left\" valign=\"top\" width=\"50%\"><span style=\"color: #999999;\">\u00a0<\/span><\/td>\n<td class=\"cell\" align=\"left\" valign=\"top\" width=\"50%\"><span style=\"color: #999999;\">\u00a0<\/span><\/td>\n<\/tr>\n<tr>\n<td class=\"cell\" align=\"left\" valign=\"top\" width=\"50%\"><span style=\"color: #999999;\">\u00a0<\/span><\/td>\n<td class=\"cell\" align=\"left\" valign=\"top\" width=\"50%\"><span style=\"color: #999999;\">\u00a0<\/span><\/td>\n<\/tr>\n<tr>\n<td class=\"cell\" align=\"left\" valign=\"top\" width=\"50%\"><span style=\"color: #999999;\">Vendredi 18 janvier 2013 \u00e0 20h30<\/span><\/td>\n<td class=\"cell\" align=\"left\" valign=\"top\" width=\"50%\"><span style=\"color: #999999;\">Sc\u00e8ne ouverte \u00ab\u00a0le pot aux roses\u00a0\u00bb espace Gentiana Tours Nord (37)<\/span><\/td>\n<\/tr>\n<tr>\n<td class=\"cell\" align=\"left\" valign=\"top\" width=\"50%\"><span style=\"color: #999999;\">Vendredi 12 octobre 2012 \u00e0 20h30<\/span><\/td>\n<td class=\"cell\" align=\"left\" valign=\"top\" width=\"50%\"><span style=\"color: #999999;\">Salle des F\u00eates (annexe) Rue de Lar\u00e7ay<\/span><br \/>\n<span style=\"color: #999999;\"> SAINT AVERTIN (37)<\/span><\/td>\n<\/tr>\n<tr>\n<td class=\"cell\" align=\"left\" valign=\"top\" width=\"50%\"><span style=\"color: #999999;\">13 mars 2012<\/span><\/td>\n<td class=\"cell\" align=\"left\" valign=\"top\" width=\"50%\"><span style=\"color: #999999;\">sc\u00e8ne ouverte \u00e0 Beaulieu l\u00e8s Loches<\/span><\/td>\n<\/tr>\n<tr>\n<td class=\"cell\" align=\"left\" valign=\"top\" width=\"50%\"><span style=\"color: #999999;\">10 mars 2012<\/span><\/td>\n<td class=\"cell\" align=\"left\" valign=\"top\" width=\"50%\"><span style=\"color: #999999;\">sc\u00e8ne ouverte \u00e0 la grange th\u00e9\u00e2tre de Vaugarni<\/span><\/td>\n<\/tr>\n<tr>\n<td class=\"cell\" align=\"left\" valign=\"top\" width=\"50%\"><span style=\"color: #999999;\">3 d\u00e9cembre 2011<\/span><\/td>\n<td class=\"cell\" align=\"left\" valign=\"top\" width=\"50%\"><span style=\"color: #999999;\">Concert au profit du T\u00e9l\u00e9thon \u00e0<\/span><br \/>\n<span style=\"color: #999999;\"> Beaucourt-sur-l&rsquo;Hallue &#8211; salle des f\u00eates \u00e0 19h30<\/span><\/td>\n<\/tr>\n<tr>\n<td class=\"cell\" align=\"left\" valign=\"top\" width=\"50%\"><span style=\"color: #999999;\">18 novembre 2011<\/span><\/td>\n<td class=\"cell\" align=\"left\" valign=\"top\" width=\"50%\"><span style=\"color: #999999;\">Concert au profit du T\u00e9l\u00e9thon \u00e0 Manthelan dans la salle des f\u00eates \u00e0 20h30<\/span><\/td>\n<\/tr>\n<\/tbody>\n<\/table>\n<div class=\"pvc_clear\"><\/div>\n<p id=\"pvc_stats_47\" class=\"pvc_stats all  \" data-element-id=\"47\" style=\"\"><i class=\"pvc-stats-icon medium\" aria-hidden=\"true\"><svg aria-hidden=\"true\" focusable=\"false\" data-prefix=\"far\" data-icon=\"chart-bar\" role=\"img\" xmlns=\"http:\/\/www.w3.org\/2000\/svg\" viewBox=\"0 0 512 512\" class=\"svg-inline--fa fa-chart-bar fa-w-16 fa-2x\"><path fill=\"currentColor\" d=\"M396.8 352h22.4c6.4 0 12.8-6.4 12.8-12.8V108.8c0-6.4-6.4-12.8-12.8-12.8h-22.4c-6.4 0-12.8 6.4-12.8 12.8v230.4c0 6.4 6.4 12.8 12.8 12.8zm-192 0h22.4c6.4 0 12.8-6.4 12.8-12.8V140.8c0-6.4-6.4-12.8-12.8-12.8h-22.4c-6.4 0-12.8 6.4-12.8 12.8v198.4c0 6.4 6.4 12.8 12.8 12.8zm96 0h22.4c6.4 0 12.8-6.4 12.8-12.8V204.8c0-6.4-6.4-12.8-12.8-12.8h-22.4c-6.4 0-12.8 6.4-12.8 12.8v134.4c0 6.4 6.4 12.8 12.8 12.8zM496 400H48V80c0-8.84-7.16-16-16-16H16C7.16 64 0 71.16 0 80v336c0 17.67 14.33 32 32 32h464c8.84 0 16-7.16 16-16v-16c0-8.84-7.16-16-16-16zm-387.2-48h22.4c6.4 0 12.8-6.4 12.8-12.8v-70.4c0-6.4-6.4-12.8-12.8-12.8h-22.4c-6.4 0-12.8 6.4-12.8 12.8v70.4c0 6.4 6.4 12.8 12.8 12.8z\" class=\"\"><\/path><\/svg><\/i> <img decoding=\"async\" loading=\"lazy\" width=\"16\" height=\"16\" alt=\"Loading\" src=\"https:\/\/www.michelbonnargent.fr\/wp-content\/plugins\/page-views-count\/ajax-loader-2x.gif\" border=0 \/><\/p>\n<div class=\"pvc_clear\"><\/div>\n","protected":false},"excerpt":{"rendered":"<p>Samedi 17 d\u00e9cembre 2016 \u00e0 la Cave \u0152nophile\u00a0 de Saint-Sulpice et Cameyrac (33). Le lien de l&rsquo;\u00e9v\u00e8nement Vendredi 18 novembre 2016 : au Paul&rsquo;s Place 76 rue Notre Dame &#8211; Bordeaux Nous avons pass\u00e9 une tr\u00e8s agr\u00e9able soir\u00e9e. Les extraits de la premi\u00e8re partie Les extraits de la deuxi\u00e8me partie . Samedi 6 f\u00e9vrier 2016 [&hellip;]<\/p>\n<div class=\"pvc_clear\"><\/div>\n<p id=\"pvc_stats_47\" class=\"pvc_stats all  \" data-element-id=\"47\" style=\"\"><i class=\"pvc-stats-icon medium\" aria-hidden=\"true\"><svg aria-hidden=\"true\" focusable=\"false\" data-prefix=\"far\" data-icon=\"chart-bar\" role=\"img\" xmlns=\"http:\/\/www.w3.org\/2000\/svg\" viewBox=\"0 0 512 512\" class=\"svg-inline--fa fa-chart-bar fa-w-16 fa-2x\"><path fill=\"currentColor\" d=\"M396.8 352h22.4c6.4 0 12.8-6.4 12.8-12.8V108.8c0-6.4-6.4-12.8-12.8-12.8h-22.4c-6.4 0-12.8 6.4-12.8 12.8v230.4c0 6.4 6.4 12.8 12.8 12.8zm-192 0h22.4c6.4 0 12.8-6.4 12.8-12.8V140.8c0-6.4-6.4-12.8-12.8-12.8h-22.4c-6.4 0-12.8 6.4-12.8 12.8v198.4c0 6.4 6.4 12.8 12.8 12.8zm96 0h22.4c6.4 0 12.8-6.4 12.8-12.8V204.8c0-6.4-6.4-12.8-12.8-12.8h-22.4c-6.4 0-12.8 6.4-12.8 12.8v134.4c0 6.4 6.4 12.8 12.8 12.8zM496 400H48V80c0-8.84-7.16-16-16-16H16C7.16 64 0 71.16 0 80v336c0 17.67 14.33 32 32 32h464c8.84 0 16-7.16 16-16v-16c0-8.84-7.16-16-16-16zm-387.2-48h22.4c6.4 0 12.8-6.4 12.8-12.8v-70.4c0-6.4-6.4-12.8-12.8-12.8h-22.4c-6.4 0-12.8 6.4-12.8 12.8v70.4c0 6.4 6.4 12.8 12.8 12.8z\" class=\"\"><\/path><\/svg><\/i> <img decoding=\"async\" loading=\"lazy\" width=\"16\" height=\"16\" alt=\"Loading\" src=\"https:\/\/www.michelbonnargent.fr\/wp-content\/plugins\/page-views-count\/ajax-loader-2x.gif\" border=0 \/><\/p>\n<div class=\"pvc_clear\"><\/div>\n","protected":false},"author":1,"featured_media":0,"parent":0,"menu_order":0,"comment_status":"open","ping_status":"open","template":"","meta":{"footnotes":""},"a3_pvc":{"activated":true,"total_views":653,"today_views":1},"_links":{"self":[{"href":"https:\/\/www.michelbonnargent.fr\/accueil\/wp-json\/wp\/v2\/pages\/47"}],"collection":[{"href":"https:\/\/www.michelbonnargent.fr\/accueil\/wp-json\/wp\/v2\/pages"}],"about":[{"href":"https:\/\/www.michelbonnargent.fr\/accueil\/wp-json\/wp\/v2\/types\/page"}],"author":[{"embeddable":true,"href":"https:\/\/www.michelbonnargent.fr\/accueil\/wp-json\/wp\/v2\/users\/1"}],"replies":[{"embeddable":true,"href":"https:\/\/www.michelbonnargent.fr\/accueil\/wp-json\/wp\/v2\/comments?post=47"}],"version-history":[{"count":15,"href":"https:\/\/www.michelbonnargent.fr\/accueil\/wp-json\/wp\/v2\/pages\/47\/revisions"}],"predecessor-version":[{"id":1246,"href":"https:\/\/www.michelbonnargent.fr\/accueil\/wp-json\/wp\/v2\/pages\/47\/revisions\/1246"}],"wp:attachment":[{"href":"https:\/\/www.michelbonnargent.fr\/accueil\/wp-json\/wp\/v2\/media?parent=47"}],"curies":[{"name":"wp","href":"https:\/\/api.w.org\/{rel}","templated":true}]}}