{"id":457,"date":"2014-07-14T11:46:01","date_gmt":"2014-07-14T10:46:01","guid":{"rendered":"http:\/\/michelbonnargent.fr\/?page_id=457"},"modified":"2023-04-26T15:39:15","modified_gmt":"2023-04-26T14:39:15","slug":"inspirpassion","status":"publish","type":"page","link":"https:\/\/www.michelbonnargent.fr\/accueil\/mes-cd\/inspirpassion\/","title":{"rendered":"Inspir&rsquo;passion"},"content":{"rendered":"<p><span style=\"color: #999999;\"><span style=\"font-size: 16px;\"><strong>Inspir&rsquo;passion <\/strong><\/span>&#8211; voir la <a title=\"boutique\" href=\"http:\/\/michelbonnargent.fr\/?page_id=50\"><span style=\"color: #999999;\">boutique<\/span><\/a><\/span><\/p>\n<p><img decoding=\"async\" loading=\"lazy\" class=\"alignnone wp-image-1770 size-full\" src=\"http:\/\/michelbonnargent.fr\/wp-content\/uploads\/2023\/04\/vol8_pub_480.jpg\" alt=\"\" width=\"480\" height=\"238\" srcset=\"https:\/\/www.michelbonnargent.fr\/wp-content\/uploads\/2023\/04\/vol8_pub_480.jpg 480w, https:\/\/www.michelbonnargent.fr\/wp-content\/uploads\/2023\/04\/vol8_pub_480-400x198.jpg 400w, https:\/\/www.michelbonnargent.fr\/wp-content\/uploads\/2023\/04\/vol8_pub_480-300x149.jpg 300w\" sizes=\"(max-width: 480px) 100vw, 480px\" \/><\/p>\n<p><span style=\"font-size: 12px; color: #999999;\">Ce CD contient douze titres dont quatre d&rsquo;entre eux ont \u00e9t\u00e9 compos\u00e9s sur les po\u00e8mes de trois amies auteurs<span style=\"font-family: Arial,Helvetica,sans-serif;\">.<\/span><\/span><\/p>\n<p><span style=\"font-size: 16px; font-family: Arial,Helvetica,sans-serif; color: #999999;\">Titres du CD \u00ab\u00a0Inspir&rsquo;passion\u00a0\u00bb<\/span><\/p>\n<!--[if lt IE 9]><script>document.createElement('audio');<\/script><![endif]-->\n\t<div class=\"wp-playlist wp-audio-playlist wp-playlist-light\">\n\t\t\t<div class=\"wp-playlist-current-item\"><\/div>\n\t\t<audio controls=\"controls\" preload=\"none\" width=\"608\"\n\t\t\t><\/audio>\n\t<div class=\"wp-playlist-next\"><\/div>\n\t<div class=\"wp-playlist-prev\"><\/div>\n\t<noscript>\n\t<ol>\n\t\t<li><a href='https:\/\/www.michelbonnargent.fr\/wp-content\/uploads\/2014\/07\/8-01-inspirpassion.mp3'>Inspirpassion (extrait) - sur un po\u00e8me d'Eve de Laudec<\/a><\/li><li><a href='https:\/\/www.michelbonnargent.fr\/wp-content\/uploads\/2014\/07\/8-02-a-tempo.mp3'>A tempo (extrait)  - texte d'Eve de Laudec<\/a><\/li><li><a href='https:\/\/www.michelbonnargent.fr\/wp-content\/uploads\/2014\/07\/8-03-accordsencoeur.mp3'>A nos accords en coeur - en duo avec Eve de Laudec<\/a><\/li><li><a href='https:\/\/www.michelbonnargent.fr\/wp-content\/uploads\/2014\/07\/8-04-jeneterendraipas.mp3'>Je ne te rendrai pas tes mots d'amour - en duo avec Eve de Laudec<\/a><\/li><li><a href='https:\/\/www.michelbonnargent.fr\/wp-content\/uploads\/2014\/07\/8-05-lune_noire.mp3'>Une vie de lune noire - sur un po\u00e8me de Anne Giddey<\/a><\/li><li><a href='https:\/\/www.michelbonnargent.fr\/wp-content\/uploads\/2014\/07\/8-06-Elegie_mix.mp3'>El\u00e9gie - version remix\u00e9e, arrangement A.Warot<\/a><\/li><li><a href='https:\/\/www.michelbonnargent.fr\/wp-content\/uploads\/2014\/07\/8-08-caballero.mp3'>La nostalgie Caballero - sur un po\u00e8me de Mary-Luce Plaro<\/a><\/li><li><a href='https:\/\/www.michelbonnargent.fr\/wp-content\/uploads\/2014\/07\/8-07-te-revoir_remix.mp3'>Te revoir- version remix\u00e9e, arrangement A.Warot<\/a><\/li><li><a href='https:\/\/www.michelbonnargent.fr\/wp-content\/uploads\/2014\/07\/8-09-je-me-souviens.mp3'>Je me souviens<\/a><\/li><li><a href='https:\/\/www.michelbonnargent.fr\/wp-content\/uploads\/2014\/07\/8-10-une-goutte-deau.mp3'>Une goutte d'eau<\/a><\/li><li><a href='https:\/\/www.michelbonnargent.fr\/wp-content\/uploads\/2014\/07\/8-11-jemesouviens_musique.mp3'>Je me souviens - version instrumentale<\/a><\/li><li><a href='https:\/\/www.michelbonnargent.fr\/wp-content\/uploads\/2014\/07\/8-12-unegouttedeau_musique.mp3'>Une goutte d'eau  - version instrumentale<\/a><\/li>\t<\/ol>\n\t<\/noscript>\n\t<script type=\"application\/json\" class=\"wp-playlist-script\">{\"type\":\"audio\",\"tracklist\":true,\"tracknumbers\":true,\"images\":true,\"artists\":true,\"tracks\":[{\"src\":\"https:\\\/\\\/www.michelbonnargent.fr\\\/wp-content\\\/uploads\\\/2014\\\/07\\\/8-01-inspirpassion.mp3\",\"type\":\"audio\\\/mpeg\",\"title\":\"Inspirpassion (extrait) - sur un po\\u00e8me d'Eve de Laudec\",\"caption\":\"\",\"description\":\"<i>8-01-inspirpassion<\\\/i>.\",\"meta\":{\"length_formatted\":\"3:44\"},\"image\":{\"src\":\"https:\\\/\\\/www.michelbonnargent.fr\\\/wp-includes\\\/images\\\/media\\\/audio.png\",\"width\":48,\"height\":64},\"thumb\":{\"src\":\"https:\\\/\\\/www.michelbonnargent.fr\\\/wp-includes\\\/images\\\/media\\\/audio.png\",\"width\":48,\"height\":64}},{\"src\":\"https:\\\/\\\/www.michelbonnargent.fr\\\/wp-content\\\/uploads\\\/2014\\\/07\\\/8-02-a-tempo.mp3\",\"type\":\"audio\\\/mpeg\",\"title\":\"A tempo (extrait)  - texte d'Eve de Laudec\",\"caption\":\"\",\"description\":\"<i>8-02-a tempo<\\\/i>.\",\"meta\":{\"length_formatted\":\"4:08\"},\"image\":{\"src\":\"https:\\\/\\\/www.michelbonnargent.fr\\\/wp-includes\\\/images\\\/media\\\/audio.png\",\"width\":48,\"height\":64},\"thumb\":{\"src\":\"https:\\\/\\\/www.michelbonnargent.fr\\\/wp-includes\\\/images\\\/media\\\/audio.png\",\"width\":48,\"height\":64}},{\"src\":\"https:\\\/\\\/www.michelbonnargent.fr\\\/wp-content\\\/uploads\\\/2014\\\/07\\\/8-03-accordsencoeur.mp3\",\"type\":\"audio\\\/mpeg\",\"title\":\"A nos accords en coeur - en duo avec Eve de Laudec\",\"caption\":\"\",\"description\":\"<i>8-03-accordsencoeur<\\\/i>.\",\"meta\":{\"length_formatted\":\"4:07\"},\"image\":{\"src\":\"https:\\\/\\\/www.michelbonnargent.fr\\\/wp-includes\\\/images\\\/media\\\/audio.png\",\"width\":48,\"height\":64},\"thumb\":{\"src\":\"https:\\\/\\\/www.michelbonnargent.fr\\\/wp-includes\\\/images\\\/media\\\/audio.png\",\"width\":48,\"height\":64}},{\"src\":\"https:\\\/\\\/www.michelbonnargent.fr\\\/wp-content\\\/uploads\\\/2014\\\/07\\\/8-04-jeneterendraipas.mp3\",\"type\":\"audio\\\/mpeg\",\"title\":\"Je ne te rendrai pas tes mots d'amour - en duo avec Eve de Laudec\",\"caption\":\"\",\"description\":\"<i>8-04-jeneterendraipas<\\\/i>.\",\"meta\":{\"length_formatted\":\"5:15\"},\"image\":{\"src\":\"https:\\\/\\\/www.michelbonnargent.fr\\\/wp-includes\\\/images\\\/media\\\/audio.png\",\"width\":48,\"height\":64},\"thumb\":{\"src\":\"https:\\\/\\\/www.michelbonnargent.fr\\\/wp-includes\\\/images\\\/media\\\/audio.png\",\"width\":48,\"height\":64}},{\"src\":\"https:\\\/\\\/www.michelbonnargent.fr\\\/wp-content\\\/uploads\\\/2014\\\/07\\\/8-05-lune_noire.mp3\",\"type\":\"audio\\\/mpeg\",\"title\":\"Une vie de lune noire - sur un po\\u00e8me de Anne Giddey\",\"caption\":\"\",\"description\":\"<i>8-05-lune_noire<\\\/i>.\",\"meta\":{\"length_formatted\":\"5:02\"},\"image\":{\"src\":\"https:\\\/\\\/www.michelbonnargent.fr\\\/wp-includes\\\/images\\\/media\\\/audio.png\",\"width\":48,\"height\":64},\"thumb\":{\"src\":\"https:\\\/\\\/www.michelbonnargent.fr\\\/wp-includes\\\/images\\\/media\\\/audio.png\",\"width\":48,\"height\":64}},{\"src\":\"https:\\\/\\\/www.michelbonnargent.fr\\\/wp-content\\\/uploads\\\/2014\\\/07\\\/8-06-Elegie_mix.mp3\",\"type\":\"audio\\\/mpeg\",\"title\":\"El\\u00e9gie - version remix\\u00e9e, arrangement A.Warot\",\"caption\":\"\",\"description\":\"<i>8-06-Elegie_mix<\\\/i>.\",\"meta\":{\"length_formatted\":\"2:31\"},\"image\":{\"src\":\"https:\\\/\\\/www.michelbonnargent.fr\\\/wp-includes\\\/images\\\/media\\\/audio.png\",\"width\":48,\"height\":64},\"thumb\":{\"src\":\"https:\\\/\\\/www.michelbonnargent.fr\\\/wp-includes\\\/images\\\/media\\\/audio.png\",\"width\":48,\"height\":64}},{\"src\":\"https:\\\/\\\/www.michelbonnargent.fr\\\/wp-content\\\/uploads\\\/2014\\\/07\\\/8-08-caballero.mp3\",\"type\":\"audio\\\/mpeg\",\"title\":\"La nostalgie Caballero - sur un po\\u00e8me de Mary-Luce Plaro\",\"caption\":\"\",\"description\":\"<i>8-08-caballero<\\\/i>.\",\"meta\":{\"length_formatted\":\"4:05\"},\"image\":{\"src\":\"https:\\\/\\\/www.michelbonnargent.fr\\\/wp-includes\\\/images\\\/media\\\/audio.png\",\"width\":48,\"height\":64},\"thumb\":{\"src\":\"https:\\\/\\\/www.michelbonnargent.fr\\\/wp-includes\\\/images\\\/media\\\/audio.png\",\"width\":48,\"height\":64}},{\"src\":\"https:\\\/\\\/www.michelbonnargent.fr\\\/wp-content\\\/uploads\\\/2014\\\/07\\\/8-07-te-revoir_remix.mp3\",\"type\":\"audio\\\/mpeg\",\"title\":\"Te revoir- version remix\\u00e9e, arrangement A.Warot\",\"caption\":\"\",\"description\":\"<i>8-07-te revoir_remix<\\\/i>.\",\"meta\":{\"length_formatted\":\"5:07\"},\"image\":{\"src\":\"https:\\\/\\\/www.michelbonnargent.fr\\\/wp-includes\\\/images\\\/media\\\/audio.png\",\"width\":48,\"height\":64},\"thumb\":{\"src\":\"https:\\\/\\\/www.michelbonnargent.fr\\\/wp-includes\\\/images\\\/media\\\/audio.png\",\"width\":48,\"height\":64}},{\"src\":\"https:\\\/\\\/www.michelbonnargent.fr\\\/wp-content\\\/uploads\\\/2014\\\/07\\\/8-09-je-me-souviens.mp3\",\"type\":\"audio\\\/mpeg\",\"title\":\"Je me souviens\",\"caption\":\"\",\"description\":\"<i>8-09 - je me souviens<\\\/i>.\",\"meta\":{\"length_formatted\":\"3:36\"},\"image\":{\"src\":\"https:\\\/\\\/www.michelbonnargent.fr\\\/wp-includes\\\/images\\\/media\\\/audio.png\",\"width\":48,\"height\":64},\"thumb\":{\"src\":\"https:\\\/\\\/www.michelbonnargent.fr\\\/wp-includes\\\/images\\\/media\\\/audio.png\",\"width\":48,\"height\":64}},{\"src\":\"https:\\\/\\\/www.michelbonnargent.fr\\\/wp-content\\\/uploads\\\/2014\\\/07\\\/8-10-une-goutte-deau.mp3\",\"type\":\"audio\\\/mpeg\",\"title\":\"Une goutte d'eau\",\"caption\":\"\",\"description\":\"<i>8-10 - une goutte d'eau<\\\/i>.\",\"meta\":{\"length_formatted\":\"2:35\"},\"image\":{\"src\":\"https:\\\/\\\/www.michelbonnargent.fr\\\/wp-includes\\\/images\\\/media\\\/audio.png\",\"width\":48,\"height\":64},\"thumb\":{\"src\":\"https:\\\/\\\/www.michelbonnargent.fr\\\/wp-includes\\\/images\\\/media\\\/audio.png\",\"width\":48,\"height\":64}},{\"src\":\"https:\\\/\\\/www.michelbonnargent.fr\\\/wp-content\\\/uploads\\\/2014\\\/07\\\/8-11-jemesouviens_musique.mp3\",\"type\":\"audio\\\/mpeg\",\"title\":\"Je me souviens - version instrumentale\",\"caption\":\"\",\"description\":\"<i>8-11-jemesouviens_musique<\\\/i>.\",\"meta\":{\"length_formatted\":\"1:44\"},\"image\":{\"src\":\"https:\\\/\\\/www.michelbonnargent.fr\\\/wp-includes\\\/images\\\/media\\\/audio.png\",\"width\":48,\"height\":64},\"thumb\":{\"src\":\"https:\\\/\\\/www.michelbonnargent.fr\\\/wp-includes\\\/images\\\/media\\\/audio.png\",\"width\":48,\"height\":64}},{\"src\":\"https:\\\/\\\/www.michelbonnargent.fr\\\/wp-content\\\/uploads\\\/2014\\\/07\\\/8-12-unegouttedeau_musique.mp3\",\"type\":\"audio\\\/mpeg\",\"title\":\"Une goutte d'eau  - version instrumentale\",\"caption\":\"\",\"description\":\"<i>8-12-unegouttedeau_musique<\\\/i>.\",\"meta\":{\"length_formatted\":\"1:26\"},\"image\":{\"src\":\"https:\\\/\\\/www.michelbonnargent.fr\\\/wp-includes\\\/images\\\/media\\\/audio.png\",\"width\":48,\"height\":64},\"thumb\":{\"src\":\"https:\\\/\\\/www.michelbonnargent.fr\\\/wp-includes\\\/images\\\/media\\\/audio.png\",\"width\":48,\"height\":64}}]}<\/script>\n<\/div>\n\t\n<div class=\"pvc_clear\"><\/div>\n<p id=\"pvc_stats_457\" class=\"pvc_stats all  \" data-element-id=\"457\" style=\"\"><i class=\"pvc-stats-icon medium\" aria-hidden=\"true\"><svg aria-hidden=\"true\" focusable=\"false\" data-prefix=\"far\" data-icon=\"chart-bar\" role=\"img\" xmlns=\"http:\/\/www.w3.org\/2000\/svg\" viewBox=\"0 0 512 512\" class=\"svg-inline--fa fa-chart-bar fa-w-16 fa-2x\"><path fill=\"currentColor\" d=\"M396.8 352h22.4c6.4 0 12.8-6.4 12.8-12.8V108.8c0-6.4-6.4-12.8-12.8-12.8h-22.4c-6.4 0-12.8 6.4-12.8 12.8v230.4c0 6.4 6.4 12.8 12.8 12.8zm-192 0h22.4c6.4 0 12.8-6.4 12.8-12.8V140.8c0-6.4-6.4-12.8-12.8-12.8h-22.4c-6.4 0-12.8 6.4-12.8 12.8v198.4c0 6.4 6.4 12.8 12.8 12.8zm96 0h22.4c6.4 0 12.8-6.4 12.8-12.8V204.8c0-6.4-6.4-12.8-12.8-12.8h-22.4c-6.4 0-12.8 6.4-12.8 12.8v134.4c0 6.4 6.4 12.8 12.8 12.8zM496 400H48V80c0-8.84-7.16-16-16-16H16C7.16 64 0 71.16 0 80v336c0 17.67 14.33 32 32 32h464c8.84 0 16-7.16 16-16v-16c0-8.84-7.16-16-16-16zm-387.2-48h22.4c6.4 0 12.8-6.4 12.8-12.8v-70.4c0-6.4-6.4-12.8-12.8-12.8h-22.4c-6.4 0-12.8 6.4-12.8 12.8v70.4c0 6.4 6.4 12.8 12.8 12.8z\" class=\"\"><\/path><\/svg><\/i> <img decoding=\"async\" loading=\"lazy\" width=\"16\" height=\"16\" alt=\"Loading\" src=\"https:\/\/www.michelbonnargent.fr\/wp-content\/plugins\/page-views-count\/ajax-loader-2x.gif\" border=0 \/><\/p>\n<div class=\"pvc_clear\"><\/div>\n","protected":false},"excerpt":{"rendered":"<p>Inspir&rsquo;passion &#8211; voir la boutique Ce CD contient douze titres dont quatre d&rsquo;entre eux ont \u00e9t\u00e9 compos\u00e9s sur les po\u00e8mes de trois amies auteurs. Titres du CD \u00ab\u00a0Inspir&rsquo;passion\u00a0\u00bb<\/p>\n<div class=\"pvc_clear\"><\/div>\n<p id=\"pvc_stats_457\" class=\"pvc_stats all  \" data-element-id=\"457\" style=\"\"><i class=\"pvc-stats-icon medium\" aria-hidden=\"true\"><svg aria-hidden=\"true\" focusable=\"false\" data-prefix=\"far\" data-icon=\"chart-bar\" role=\"img\" xmlns=\"http:\/\/www.w3.org\/2000\/svg\" viewBox=\"0 0 512 512\" class=\"svg-inline--fa fa-chart-bar fa-w-16 fa-2x\"><path fill=\"currentColor\" d=\"M396.8 352h22.4c6.4 0 12.8-6.4 12.8-12.8V108.8c0-6.4-6.4-12.8-12.8-12.8h-22.4c-6.4 0-12.8 6.4-12.8 12.8v230.4c0 6.4 6.4 12.8 12.8 12.8zm-192 0h22.4c6.4 0 12.8-6.4 12.8-12.8V140.8c0-6.4-6.4-12.8-12.8-12.8h-22.4c-6.4 0-12.8 6.4-12.8 12.8v198.4c0 6.4 6.4 12.8 12.8 12.8zm96 0h22.4c6.4 0 12.8-6.4 12.8-12.8V204.8c0-6.4-6.4-12.8-12.8-12.8h-22.4c-6.4 0-12.8 6.4-12.8 12.8v134.4c0 6.4 6.4 12.8 12.8 12.8zM496 400H48V80c0-8.84-7.16-16-16-16H16C7.16 64 0 71.16 0 80v336c0 17.67 14.33 32 32 32h464c8.84 0 16-7.16 16-16v-16c0-8.84-7.16-16-16-16zm-387.2-48h22.4c6.4 0 12.8-6.4 12.8-12.8v-70.4c0-6.4-6.4-12.8-12.8-12.8h-22.4c-6.4 0-12.8 6.4-12.8 12.8v70.4c0 6.4 6.4 12.8 12.8 12.8z\" class=\"\"><\/path><\/svg><\/i> <img decoding=\"async\" loading=\"lazy\" width=\"16\" height=\"16\" alt=\"Loading\" src=\"https:\/\/www.michelbonnargent.fr\/wp-content\/plugins\/page-views-count\/ajax-loader-2x.gif\" border=0 \/><\/p>\n<div class=\"pvc_clear\"><\/div>\n","protected":false},"author":1,"featured_media":0,"parent":30,"menu_order":0,"comment_status":"open","ping_status":"open","template":"","meta":{"footnotes":""},"a3_pvc":{"activated":true,"total_views":2408,"today_views":0},"_links":{"self":[{"href":"https:\/\/www.michelbonnargent.fr\/accueil\/wp-json\/wp\/v2\/pages\/457"}],"collection":[{"href":"https:\/\/www.michelbonnargent.fr\/accueil\/wp-json\/wp\/v2\/pages"}],"about":[{"href":"https:\/\/www.michelbonnargent.fr\/accueil\/wp-json\/wp\/v2\/types\/page"}],"author":[{"embeddable":true,"href":"https:\/\/www.michelbonnargent.fr\/accueil\/wp-json\/wp\/v2\/users\/1"}],"replies":[{"embeddable":true,"href":"https:\/\/www.michelbonnargent.fr\/accueil\/wp-json\/wp\/v2\/comments?post=457"}],"version-history":[{"count":6,"href":"https:\/\/www.michelbonnargent.fr\/accueil\/wp-json\/wp\/v2\/pages\/457\/revisions"}],"predecessor-version":[{"id":1771,"href":"https:\/\/www.michelbonnargent.fr\/accueil\/wp-json\/wp\/v2\/pages\/457\/revisions\/1771"}],"up":[{"embeddable":true,"href":"https:\/\/www.michelbonnargent.fr\/accueil\/wp-json\/wp\/v2\/pages\/30"}],"wp:attachment":[{"href":"https:\/\/www.michelbonnargent.fr\/accueil\/wp-json\/wp\/v2\/media?parent=457"}],"curies":[{"name":"wp","href":"https:\/\/api.w.org\/{rel}","templated":true}]}}