{"id":38,"date":"2014-07-05T16:03:02","date_gmt":"2014-07-05T15:03:02","guid":{"rendered":"http:\/\/michelbonnargent.fr\/?page_id=38"},"modified":"2023-04-26T10:46:54","modified_gmt":"2023-04-26T09:46:54","slug":"photos","status":"publish","type":"page","link":"https:\/\/www.michelbonnargent.fr\/accueil\/photos\/","title":{"rendered":"photos"},"content":{"rendered":"<table class=\"cells\" width=\"100%\">\n<tbody>\n<tr>\n<td class=\"cell\" align=\"left\" valign=\"top\" width=\"33%\"><a href=\"http:\/\/michelbonnargent.fr\/wp-content\/uploads\/2023\/04\/1618661_10202188579893590_622581812_n.jpg\" target=\"_blank\" rel=\"noopener\"><img decoding=\"async\" loading=\"lazy\" class=\"alignnone wp-image-1715 size-medium\" src=\"http:\/\/michelbonnargent.fr\/wp-content\/uploads\/2023\/04\/1618661_10202188579893590_622581812_n-200x300.jpg\" alt=\"\" width=\"200\" height=\"300\" srcset=\"https:\/\/www.michelbonnargent.fr\/wp-content\/uploads\/2023\/04\/1618661_10202188579893590_622581812_n-200x300.jpg 200w, https:\/\/www.michelbonnargent.fr\/wp-content\/uploads\/2023\/04\/1618661_10202188579893590_622581812_n-400x600.jpg 400w, https:\/\/www.michelbonnargent.fr\/wp-content\/uploads\/2023\/04\/1618661_10202188579893590_622581812_n.jpg 640w\" sizes=\"(max-width: 200px) 100vw, 200px\" \/><\/a><\/td>\n<td class=\"cell\" align=\"left\" valign=\"top\" width=\"33%\"><span style=\"color: #999999;\">Rythm and Co 2014 \u00e0 Ambazac<\/span><\/td>\n<td class=\"cell\" align=\"left\" valign=\"top\" width=\"34%\"><a href=\"http:\/\/michelbonnargent.fr\/wp-content\/uploads\/2023\/04\/71651_750042568341291_1700335842_n.jpg\" target=\"_blank\" rel=\"noopener\"><img decoding=\"async\" loading=\"lazy\" class=\"alignnone wp-image-1709 size-medium\" src=\"http:\/\/michelbonnargent.fr\/wp-content\/uploads\/2023\/04\/71651_750042568341291_1700335842_n-300x200.jpg\" alt=\"\" width=\"300\" height=\"200\" srcset=\"https:\/\/www.michelbonnargent.fr\/wp-content\/uploads\/2023\/04\/71651_750042568341291_1700335842_n-300x200.jpg 300w, https:\/\/www.michelbonnargent.fr\/wp-content\/uploads\/2023\/04\/71651_750042568341291_1700335842_n-400x267.jpg 400w, https:\/\/www.michelbonnargent.fr\/wp-content\/uploads\/2023\/04\/71651_750042568341291_1700335842_n-768x512.jpg 768w, https:\/\/www.michelbonnargent.fr\/wp-content\/uploads\/2023\/04\/71651_750042568341291_1700335842_n.jpg 960w\" sizes=\"(max-width: 300px) 100vw, 300px\" \/><\/a><\/td>\n<\/tr>\n<\/tbody>\n<\/table>\n<table class=\"cells\" width=\"100%\">\n<tbody>\n<tr>\n<td class=\"cell\" align=\"left\" valign=\"top\" width=\"33%\"><a href=\"http:\/\/michelbonnargent.fr\/wp-content\/uploads\/2023\/04\/531054_455767824469965_1964450006_n.jpg\" target=\"_blank\" rel=\"noopener\"><img decoding=\"async\" loading=\"lazy\" class=\"alignnone wp-image-1711 size-medium\" src=\"http:\/\/michelbonnargent.fr\/wp-content\/uploads\/2023\/04\/531054_455767824469965_1964450006_n-300x200.jpg\" alt=\"\" width=\"300\" height=\"200\" srcset=\"https:\/\/www.michelbonnargent.fr\/wp-content\/uploads\/2023\/04\/531054_455767824469965_1964450006_n-300x200.jpg 300w, https:\/\/www.michelbonnargent.fr\/wp-content\/uploads\/2023\/04\/531054_455767824469965_1964450006_n-400x267.jpg 400w, https:\/\/www.michelbonnargent.fr\/wp-content\/uploads\/2023\/04\/531054_455767824469965_1964450006_n-768x513.jpg 768w, https:\/\/www.michelbonnargent.fr\/wp-content\/uploads\/2023\/04\/531054_455767824469965_1964450006_n.jpg 960w\" sizes=\"(max-width: 300px) 100vw, 300px\" \/><\/a><\/td>\n<td class=\"cell\" align=\"left\" valign=\"top\" width=\"33%\"><span style=\"color: #999999;\">Sc\u00e8ne slam \u00e0 la belle rouge le 22\/11\/2012, interpr\u00e9tation de \u00ab\u00a0j&rsquo;ai peur\u00a0\u00bb<\/span><\/td>\n<td class=\"cell\" align=\"left\" valign=\"top\" width=\"34%\"><a href=\"http:\/\/michelbonnargent.fr\/wp-content\/uploads\/2023\/04\/600297_455767801136634_1261184473_n.jpg\" target=\"_blank\" rel=\"noopener\"><img decoding=\"async\" loading=\"lazy\" class=\"alignnone wp-image-1713 size-medium\" src=\"http:\/\/michelbonnargent.fr\/wp-content\/uploads\/2023\/04\/600297_455767801136634_1261184473_n-300x200.jpg\" alt=\"\" width=\"300\" height=\"200\" srcset=\"https:\/\/www.michelbonnargent.fr\/wp-content\/uploads\/2023\/04\/600297_455767801136634_1261184473_n-300x200.jpg 300w, https:\/\/www.michelbonnargent.fr\/wp-content\/uploads\/2023\/04\/600297_455767801136634_1261184473_n-400x267.jpg 400w, https:\/\/www.michelbonnargent.fr\/wp-content\/uploads\/2023\/04\/600297_455767801136634_1261184473_n-768x513.jpg 768w, https:\/\/www.michelbonnargent.fr\/wp-content\/uploads\/2023\/04\/600297_455767801136634_1261184473_n.jpg 960w\" sizes=\"(max-width: 300px) 100vw, 300px\" \/><\/a><\/td>\n<\/tr>\n<tr>\n<td class=\"cell\" align=\"left\" valign=\"top\" width=\"33%\"><a href=\"http:\/\/michelbonnargent.fr\/wp-content\/uploads\/2023\/04\/amb2-1.jpg\" target=\"_blank\" rel=\"noopener\"><img decoding=\"async\" loading=\"lazy\" class=\"alignnone wp-image-1741 size-medium\" src=\"http:\/\/michelbonnargent.fr\/wp-content\/uploads\/2023\/04\/amb2-1-300x225.jpg\" alt=\"\" width=\"300\" height=\"225\" srcset=\"https:\/\/www.michelbonnargent.fr\/wp-content\/uploads\/2023\/04\/amb2-1-300x225.jpg 300w, https:\/\/www.michelbonnargent.fr\/wp-content\/uploads\/2023\/04\/amb2-1-400x300.jpg 400w, https:\/\/www.michelbonnargent.fr\/wp-content\/uploads\/2023\/04\/amb2-1-768x576.jpg 768w, https:\/\/www.michelbonnargent.fr\/wp-content\/uploads\/2023\/04\/amb2-1.jpg 1024w\" sizes=\"(max-width: 300px) 100vw, 300px\" \/><\/a><\/td>\n<td class=\"cell\" align=\"left\" valign=\"top\" width=\"33%\"><span style=\"color: #999999;\">Interview et direct \u00e0 Radio Ambazac<\/span><\/td>\n<td class=\"cell\" align=\"left\" valign=\"top\" width=\"34%\"><\/td>\n<\/tr>\n<tr>\n<td class=\"cell\" align=\"left\" valign=\"top\" width=\"33%\"><a href=\"http:\/\/michelbonnargent.fr\/wp-content\/uploads\/2023\/04\/avatar4.jpg\" target=\"_blank\" rel=\"noopener\"><img decoding=\"async\" loading=\"lazy\" class=\"alignnone wp-image-1722 size-medium\" src=\"http:\/\/michelbonnargent.fr\/wp-content\/uploads\/2023\/04\/avatar4-249x300.jpg\" alt=\"\" width=\"249\" height=\"300\" srcset=\"https:\/\/www.michelbonnargent.fr\/wp-content\/uploads\/2023\/04\/avatar4-249x300.jpg 249w, https:\/\/www.michelbonnargent.fr\/wp-content\/uploads\/2023\/04\/avatar4-400x483.jpg 400w, https:\/\/www.michelbonnargent.fr\/wp-content\/uploads\/2023\/04\/avatar4.jpg 406w\" sizes=\"(max-width: 249px) 100vw, 249px\" \/><\/a><\/td>\n<td class=\"cell\" align=\"left\" valign=\"top\" width=\"33%\"><a href=\"http:\/\/michelbonnargent.fr\/wp-content\/uploads\/2023\/04\/dscf3570.jpg\" target=\"_blank\" rel=\"noopener\"><img decoding=\"async\" loading=\"lazy\" class=\"alignnone wp-image-1723 size-medium\" src=\"http:\/\/michelbonnargent.fr\/wp-content\/uploads\/2023\/04\/dscf3570-300x225.jpg\" alt=\"\" width=\"300\" height=\"225\" srcset=\"https:\/\/www.michelbonnargent.fr\/wp-content\/uploads\/2023\/04\/dscf3570-300x225.jpg 300w, https:\/\/www.michelbonnargent.fr\/wp-content\/uploads\/2023\/04\/dscf3570-400x300.jpg 400w, https:\/\/www.michelbonnargent.fr\/wp-content\/uploads\/2023\/04\/dscf3570-1024x768.jpg 1024w, https:\/\/www.michelbonnargent.fr\/wp-content\/uploads\/2023\/04\/dscf3570-768x576.jpg 768w, https:\/\/www.michelbonnargent.fr\/wp-content\/uploads\/2023\/04\/dscf3570.jpg 1204w\" sizes=\"(max-width: 300px) 100vw, 300px\" \/><\/a><\/td>\n<td class=\"cell\" align=\"left\" valign=\"top\" width=\"34%\"><a href=\"http:\/\/michelbonnargent.fr\/wp-content\/uploads\/2023\/04\/pb030073.jpg\" target=\"_blank\" rel=\"noopener\"><img decoding=\"async\" loading=\"lazy\" class=\"alignnone wp-image-1725 size-medium\" src=\"http:\/\/michelbonnargent.fr\/wp-content\/uploads\/2023\/04\/pb030073-300x225.jpg\" alt=\"\" width=\"300\" height=\"225\" srcset=\"https:\/\/www.michelbonnargent.fr\/wp-content\/uploads\/2023\/04\/pb030073-300x225.jpg 300w, https:\/\/www.michelbonnargent.fr\/wp-content\/uploads\/2023\/04\/pb030073-400x300.jpg 400w, https:\/\/www.michelbonnargent.fr\/wp-content\/uploads\/2023\/04\/pb030073-1024x768.jpg 1024w, https:\/\/www.michelbonnargent.fr\/wp-content\/uploads\/2023\/04\/pb030073-768x576.jpg 768w, https:\/\/www.michelbonnargent.fr\/wp-content\/uploads\/2023\/04\/pb030073.jpg 1204w\" sizes=\"(max-width: 300px) 100vw, 300px\" \/><\/a><\/td>\n<\/tr>\n<tr>\n<td class=\"cell\" align=\"left\" valign=\"top\" width=\"33%\"><a href=\"http:\/\/michelbonnargent.fr\/wp-content\/uploads\/2023\/04\/ph3.jpg\" target=\"_blank\" rel=\"noopener\"><img decoding=\"async\" loading=\"lazy\" class=\"alignnone wp-image-1727 size-medium\" src=\"http:\/\/michelbonnargent.fr\/wp-content\/uploads\/2023\/04\/ph3-281x300.jpg\" alt=\"\" width=\"281\" height=\"300\" srcset=\"https:\/\/www.michelbonnargent.fr\/wp-content\/uploads\/2023\/04\/ph3-281x300.jpg 281w, https:\/\/www.michelbonnargent.fr\/wp-content\/uploads\/2023\/04\/ph3-400x426.jpg 400w, https:\/\/www.michelbonnargent.fr\/wp-content\/uploads\/2023\/04\/ph3.jpg 501w\" sizes=\"(max-width: 281px) 100vw, 281px\" \/><\/a><\/td>\n<td class=\"cell\" align=\"left\" valign=\"top\" width=\"33%\"><a href=\"http:\/\/michelbonnargent.fr\/wp-content\/uploads\/2023\/04\/mitchchant.jpg\" target=\"_blank\" rel=\"noopener\"><img decoding=\"async\" loading=\"lazy\" class=\"alignnone wp-image-1728 size-medium\" src=\"http:\/\/michelbonnargent.fr\/wp-content\/uploads\/2023\/04\/mitchchant-300x198.jpg\" alt=\"\" width=\"300\" height=\"198\" srcset=\"https:\/\/www.michelbonnargent.fr\/wp-content\/uploads\/2023\/04\/mitchchant-300x198.jpg 300w, https:\/\/www.michelbonnargent.fr\/wp-content\/uploads\/2023\/04\/mitchchant-400x263.jpg 400w, https:\/\/www.michelbonnargent.fr\/wp-content\/uploads\/2023\/04\/mitchchant-768x506.jpg 768w, https:\/\/www.michelbonnargent.fr\/wp-content\/uploads\/2023\/04\/mitchchant.jpg 838w\" sizes=\"(max-width: 300px) 100vw, 300px\" \/><\/a><\/td>\n<td class=\"cell\" align=\"left\" valign=\"top\" width=\"34%\"><a href=\"http:\/\/michelbonnargent.fr\/wp-content\/uploads\/2023\/04\/m14big.jpg\" target=\"_blank\" rel=\"noopener\"><img decoding=\"async\" loading=\"lazy\" class=\"alignnone wp-image-1729 size-full\" src=\"http:\/\/michelbonnargent.fr\/wp-content\/uploads\/2023\/04\/m14big.jpg\" alt=\"\" width=\"200\" height=\"200\" srcset=\"https:\/\/www.michelbonnargent.fr\/wp-content\/uploads\/2023\/04\/m14big.jpg 200w, https:\/\/www.michelbonnargent.fr\/wp-content\/uploads\/2023\/04\/m14big-100x100.jpg 100w, https:\/\/www.michelbonnargent.fr\/wp-content\/uploads\/2023\/04\/m14big-150x150.jpg 150w\" sizes=\"(max-width: 200px) 100vw, 200px\" \/><\/a><\/td>\n<\/tr>\n<\/tbody>\n<\/table>\n<p><!--more--><\/p>\n<div class=\"pvc_clear\"><\/div>\n<p id=\"pvc_stats_38\" class=\"pvc_stats all  \" data-element-id=\"38\" style=\"\"><i class=\"pvc-stats-icon medium\" aria-hidden=\"true\"><svg aria-hidden=\"true\" focusable=\"false\" data-prefix=\"far\" data-icon=\"chart-bar\" role=\"img\" xmlns=\"http:\/\/www.w3.org\/2000\/svg\" viewBox=\"0 0 512 512\" class=\"svg-inline--fa fa-chart-bar fa-w-16 fa-2x\"><path fill=\"currentColor\" d=\"M396.8 352h22.4c6.4 0 12.8-6.4 12.8-12.8V108.8c0-6.4-6.4-12.8-12.8-12.8h-22.4c-6.4 0-12.8 6.4-12.8 12.8v230.4c0 6.4 6.4 12.8 12.8 12.8zm-192 0h22.4c6.4 0 12.8-6.4 12.8-12.8V140.8c0-6.4-6.4-12.8-12.8-12.8h-22.4c-6.4 0-12.8 6.4-12.8 12.8v198.4c0 6.4 6.4 12.8 12.8 12.8zm96 0h22.4c6.4 0 12.8-6.4 12.8-12.8V204.8c0-6.4-6.4-12.8-12.8-12.8h-22.4c-6.4 0-12.8 6.4-12.8 12.8v134.4c0 6.4 6.4 12.8 12.8 12.8zM496 400H48V80c0-8.84-7.16-16-16-16H16C7.16 64 0 71.16 0 80v336c0 17.67 14.33 32 32 32h464c8.84 0 16-7.16 16-16v-16c0-8.84-7.16-16-16-16zm-387.2-48h22.4c6.4 0 12.8-6.4 12.8-12.8v-70.4c0-6.4-6.4-12.8-12.8-12.8h-22.4c-6.4 0-12.8 6.4-12.8 12.8v70.4c0 6.4 6.4 12.8 12.8 12.8z\" class=\"\"><\/path><\/svg><\/i> <img decoding=\"async\" loading=\"lazy\" width=\"16\" height=\"16\" alt=\"Loading\" src=\"https:\/\/www.michelbonnargent.fr\/wp-content\/plugins\/page-views-count\/ajax-loader-2x.gif\" border=0 \/><\/p>\n<div class=\"pvc_clear\"><\/div>\n","protected":false},"excerpt":{"rendered":"<p>Rythm and Co 2014 \u00e0 Ambazac Sc\u00e8ne slam \u00e0 la belle rouge le 22\/11\/2012, interpr\u00e9tation de \u00ab\u00a0j&rsquo;ai peur\u00a0\u00bb Interview et direct \u00e0 Radio Ambazac<\/p>\n<div class=\"pvc_clear\"><\/div>\n<p id=\"pvc_stats_38\" class=\"pvc_stats all  \" data-element-id=\"38\" style=\"\"><i class=\"pvc-stats-icon medium\" aria-hidden=\"true\"><svg aria-hidden=\"true\" focusable=\"false\" data-prefix=\"far\" data-icon=\"chart-bar\" role=\"img\" xmlns=\"http:\/\/www.w3.org\/2000\/svg\" viewBox=\"0 0 512 512\" class=\"svg-inline--fa fa-chart-bar fa-w-16 fa-2x\"><path fill=\"currentColor\" d=\"M396.8 352h22.4c6.4 0 12.8-6.4 12.8-12.8V108.8c0-6.4-6.4-12.8-12.8-12.8h-22.4c-6.4 0-12.8 6.4-12.8 12.8v230.4c0 6.4 6.4 12.8 12.8 12.8zm-192 0h22.4c6.4 0 12.8-6.4 12.8-12.8V140.8c0-6.4-6.4-12.8-12.8-12.8h-22.4c-6.4 0-12.8 6.4-12.8 12.8v198.4c0 6.4 6.4 12.8 12.8 12.8zm96 0h22.4c6.4 0 12.8-6.4 12.8-12.8V204.8c0-6.4-6.4-12.8-12.8-12.8h-22.4c-6.4 0-12.8 6.4-12.8 12.8v134.4c0 6.4 6.4 12.8 12.8 12.8zM496 400H48V80c0-8.84-7.16-16-16-16H16C7.16 64 0 71.16 0 80v336c0 17.67 14.33 32 32 32h464c8.84 0 16-7.16 16-16v-16c0-8.84-7.16-16-16-16zm-387.2-48h22.4c6.4 0 12.8-6.4 12.8-12.8v-70.4c0-6.4-6.4-12.8-12.8-12.8h-22.4c-6.4 0-12.8 6.4-12.8 12.8v70.4c0 6.4 6.4 12.8 12.8 12.8z\" class=\"\"><\/path><\/svg><\/i> <img decoding=\"async\" loading=\"lazy\" width=\"16\" height=\"16\" alt=\"Loading\" src=\"https:\/\/www.michelbonnargent.fr\/wp-content\/plugins\/page-views-count\/ajax-loader-2x.gif\" border=0 \/><\/p>\n<div class=\"pvc_clear\"><\/div>\n","protected":false},"author":1,"featured_media":0,"parent":0,"menu_order":0,"comment_status":"open","ping_status":"open","template":"","meta":{"footnotes":""},"a3_pvc":{"activated":true,"total_views":2597,"today_views":0},"_links":{"self":[{"href":"https:\/\/www.michelbonnargent.fr\/accueil\/wp-json\/wp\/v2\/pages\/38"}],"collection":[{"href":"https:\/\/www.michelbonnargent.fr\/accueil\/wp-json\/wp\/v2\/pages"}],"about":[{"href":"https:\/\/www.michelbonnargent.fr\/accueil\/wp-json\/wp\/v2\/types\/page"}],"author":[{"embeddable":true,"href":"https:\/\/www.michelbonnargent.fr\/accueil\/wp-json\/wp\/v2\/users\/1"}],"replies":[{"embeddable":true,"href":"https:\/\/www.michelbonnargent.fr\/accueil\/wp-json\/wp\/v2\/comments?post=38"}],"version-history":[{"count":18,"href":"https:\/\/www.michelbonnargent.fr\/accueil\/wp-json\/wp\/v2\/pages\/38\/revisions"}],"predecessor-version":[{"id":1765,"href":"https:\/\/www.michelbonnargent.fr\/accueil\/wp-json\/wp\/v2\/pages\/38\/revisions\/1765"}],"wp:attachment":[{"href":"https:\/\/www.michelbonnargent.fr\/accueil\/wp-json\/wp\/v2\/media?parent=38"}],"curies":[{"name":"wp","href":"https:\/\/api.w.org\/{rel}","templated":true}]}}